{"id":373,"date":"2021-02-25T12:46:47","date_gmt":"2021-02-25T12:46:47","guid":{"rendered":"https:\/\/resetclinic.ro\/?page_id=373"},"modified":"2021-03-01T09:55:48","modified_gmt":"2021-03-01T09:55:48","slug":"dureri-cervicale","status":"publish","type":"page","link":"https:\/\/resetclinic.ro\/index.php\/dureri-cervicale\/","title":{"rendered":"Dureri cervicale"},"content":{"rendered":"\t\t<div data-elementor-type=\"wp-page\" data-elementor-id=\"373\" class=\"elementor elementor-373\" data-elementor-settings=\"[]\">\n\t\t\t\t\t\t<div class=\"elementor-inner\">\n\t\t\t\t\t\t\t<div class=\"elementor-section-wrap\">\n\t\t\t\t\t\t\t<section class=\"elementor-section elementor-top-section elementor-element elementor-element-aae76ac elementor-section-boxed elementor-section-height-default elementor-section-height-default\" data-id=\"aae76ac\" data-element_type=\"section\">\n\t\t\t\t\t\t\t<div class=\"elementor-background-overlay\"><\/div>\n\t\t\t\t\t\t\t<div class=\"elementor-container elementor-column-gap-default\">\n\t\t\t\t\t\t\t<div class=\"elementor-row\">\n\t\t\t\t\t<div class=\"elementor-column elementor-col-100 elementor-top-column elementor-element elementor-element-a5d0777\" data-id=\"a5d0777\" data-element_type=\"column\">\n\t\t\t<div class=\"elementor-column-wrap elementor-element-populated\">\n\t\t\t\t\t\t\t<div class=\"elementor-widget-wrap\">\n\t\t\t\t\t\t<section class=\"elementor-section elementor-inner-section elementor-element elementor-element-5730900 elementor-section-boxed elementor-section-height-default elementor-section-height-default\" data-id=\"5730900\" data-element_type=\"section\">\n\t\t\t\t\t\t<div class=\"elementor-container elementor-column-gap-default\">\n\t\t\t\t\t\t\t<div class=\"elementor-row\">\n\t\t\t\t\t<div class=\"elementor-column elementor-col-50 elementor-inner-column elementor-element elementor-element-b45a97f\" data-id=\"b45a97f\" data-element_type=\"column\" data-settings=\"{&quot;background_background&quot;:&quot;classic&quot;}\">\n\t\t\t<div class=\"elementor-column-wrap elementor-element-populated\">\n\t\t\t\t\t\t\t<div class=\"elementor-widget-wrap\">\n\t\t\t\t\t\t<div class=\"elementor-element elementor-element-04d3e02 elementor--h-position-center elementor--v-position-middle elementor-arrows-position-inside elementor-pagination-position-inside elementor-widget elementor-widget-slides\" data-id=\"04d3e02\" data-element_type=\"widget\" data-settings=\"{&quot;navigation&quot;:&quot;both&quot;,&quot;autoplay&quot;:&quot;yes&quot;,&quot;pause_on_hover&quot;:&quot;yes&quot;,&quot;pause_on_interaction&quot;:&quot;yes&quot;,&quot;autoplay_speed&quot;:5000,&quot;infinite&quot;:&quot;yes&quot;,&quot;transition&quot;:&quot;slide&quot;,&quot;transition_speed&quot;:500}\" data-widget_type=\"slides.default\">\n\t\t\t\t<div class=\"elementor-widget-container\">\n\t\t\t\t\t<div class=\"elementor-swiper\">\n\t\t\t<div class=\"elementor-slides-wrapper elementor-main-swiper swiper-container\" dir=\"ltr\" data-animation=\"fadeInUp\">\n\t\t\t\t<div class=\"swiper-wrapper elementor-slides\">\n\t\t\t\t\t<div class=\"elementor-repeater-item-13c6396 swiper-slide\"><div class=\"swiper-slide-bg\"><\/div><div class=\"swiper-slide-inner\" ><div class=\"swiper-slide-contents\"><\/div><\/div><\/div><div class=\"elementor-repeater-item-fd9d572 swiper-slide\"><div class=\"swiper-slide-bg\"><\/div><div class=\"swiper-slide-inner\" ><div class=\"swiper-slide-contents\"><\/div><\/div><\/div><div class=\"elementor-repeater-item-33b17b3 swiper-slide\"><div class=\"swiper-slide-bg\"><\/div><div class=\"swiper-slide-inner\" ><div class=\"swiper-slide-contents\"><\/div><\/div><\/div><div class=\"elementor-repeater-item-5d5bdc9 swiper-slide\"><div class=\"swiper-slide-bg\"><\/div><div class=\"swiper-slide-inner\" ><div class=\"swiper-slide-contents\"><\/div><\/div><\/div><div class=\"elementor-repeater-item-f017156 swiper-slide\"><div class=\"swiper-slide-bg\"><\/div><div class=\"swiper-slide-inner\" ><div class=\"swiper-slide-contents\"><\/div><\/div><\/div><div class=\"elementor-repeater-item-f7a49eb swiper-slide\"><div class=\"swiper-slide-bg\"><\/div><div class=\"swiper-slide-inner\" ><div class=\"swiper-slide-contents\"><\/div><\/div><\/div>\t\t\t\t<\/div>\n\t\t\t\t\t\t\t\t\t\t\t\t\t\t\t<div class=\"swiper-pagination\"><\/div>\n\t\t\t\t\t\t\t\t\t\t\t\t\t\t\t\t<div class=\"elementor-swiper-button elementor-swiper-button-prev\">\n\t\t\t\t\t\t\t<i class=\"eicon-chevron-left\" aria-hidden=\"true\"><\/i>\n\t\t\t\t\t\t\t<span class=\"elementor-screen-only\">Previous<\/span>\n\t\t\t\t\t\t<\/div>\n\t\t\t\t\t\t<div class=\"elementor-swiper-button elementor-swiper-button-next\">\n\t\t\t\t\t\t\t<i class=\"eicon-chevron-right\" aria-hidden=\"true\"><\/i>\n\t\t\t\t\t\t\t<span class=\"elementor-screen-only\">Next<\/span>\n\t\t\t\t\t\t<\/div>\n\t\t\t\t\t\t\t\t\t\t\t\t<\/div>\n\t\t<\/div>\n\t\t\t\t<\/div>\n\t\t\t\t<\/div>\n\t\t\t\t\t\t<\/div>\n\t\t\t\t\t<\/div>\n\t\t<\/div>\n\t\t\t\t<div class=\"elementor-column elementor-col-50 elementor-inner-column elementor-element elementor-element-18b4965\" data-id=\"18b4965\" data-element_type=\"column\" data-settings=\"{&quot;background_background&quot;:&quot;classic&quot;}\">\n\t\t\t<div class=\"elementor-column-wrap elementor-element-populated\">\n\t\t\t\t\t\t\t<div class=\"elementor-widget-wrap\">\n\t\t\t\t\t\t<div class=\"elementor-element elementor-element-7b6e8c3 elementor-widget elementor-widget-heading\" data-id=\"7b6e8c3\" data-element_type=\"widget\" data-widget_type=\"heading.default\">\n\t\t\t\t<div class=\"elementor-widget-container\">\n\t\t\t<h2 class=\"elementor-heading-title elementor-size-default\">Ce este Spondiloza Cervical\u0103?<\/h2>\t\t<\/div>\n\t\t\t\t<\/div>\n\t\t\t\t<div class=\"elementor-element elementor-element-f9bcd46 elementor-widget elementor-widget-text-editor\" data-id=\"f9bcd46\" data-element_type=\"widget\" data-widget_type=\"text-editor.default\">\n\t\t\t\t<div class=\"elementor-widget-container\">\n\t\t\t\t\t\t\t\t<div class=\"elementor-text-editor elementor-clearfix\">\n\t\t\t\t\t<p>Spondiloza cervical\u0103 este o afec\u021biune foarte frecvent \u00eent\u00e2lnit\u0103 \u00een r\u00e2ndul persoanelor care petrec mult timp pe scaun, la birou. Se caracterizeaz\u0103 prin degenerarea \u0219i sl\u0103birea discurilor intervertebrale din zona cervical\u0103. Spondiloza este denumirea general\u0103 care se refer\u0103 la degenerarea coloanei vertebrale.<\/p>\t\t\t\t\t<\/div>\n\t\t\t\t\t\t<\/div>\n\t\t\t\t<\/div>\n\t\t\t\t\t\t<\/div>\n\t\t\t\t\t<\/div>\n\t\t<\/div>\n\t\t\t\t\t\t\t\t<\/div>\n\t\t\t\t\t<\/div>\n\t\t<\/section>\n\t\t\t\t<section class=\"elementor-section elementor-inner-section elementor-element elementor-element-04b6683 elementor-section-boxed elementor-section-height-default elementor-section-height-default\" data-id=\"04b6683\" data-element_type=\"section\">\n\t\t\t\t\t\t<div class=\"elementor-container elementor-column-gap-default\">\n\t\t\t\t\t\t\t<div class=\"elementor-row\">\n\t\t\t\t\t<div class=\"elementor-column elementor-col-100 elementor-inner-column elementor-element elementor-element-b2d1495\" data-id=\"b2d1495\" data-element_type=\"column\">\n\t\t\t<div class=\"elementor-column-wrap elementor-element-populated\">\n\t\t\t\t\t\t\t<div class=\"elementor-widget-wrap\">\n\t\t\t\t\t\t<div class=\"elementor-element elementor-element-4a851c0 elementor-widget elementor-widget-heading\" data-id=\"4a851c0\" data-element_type=\"widget\" data-widget_type=\"heading.default\">\n\t\t\t\t<div class=\"elementor-widget-container\">\n\t\t\t<h2 class=\"elementor-heading-title elementor-size-default\">Cauzele spondilozei cervicale, cum \u0219i de ce apare?<\/h2>\t\t<\/div>\n\t\t\t\t<\/div>\n\t\t\t\t<div class=\"elementor-element elementor-element-3c482cf elementor-widget elementor-widget-text-editor\" data-id=\"3c482cf\" data-element_type=\"widget\" data-widget_type=\"text-editor.default\">\n\t\t\t\t<div class=\"elementor-widget-container\">\n\t\t\t\t\t\t\t\t<div class=\"elementor-text-editor elementor-clearfix\">\n\t\t\t\t\t<p>Spondiloza apare ca urmare a \u00eenaint\u0103rii \u00een v\u00e2rst\u0103 deoarece oasele \u0219i ligamentele din coloana vertebral\u0103 se uzeaz\u0103 \u0219i \u00ee\u0219i pierd din rezisten\u021b\u0103.<\/p><ul><li><u>cauze genetice<\/u> &#8211; dac\u0103 \u00een familia ta exist\u0103 cazuri de persoane cu spondiloz\u0103, exist\u0103 \u0219anse mai mari ca \u0219i tu s\u0103 suferi de aceast\u0103 afec\u021biune<\/li><li><u>v\u0103t\u0103m\u0103ri bru\u0219te sau nea\u0219teptate<\/u> &#8211; ca urmare a unei activit\u0103\u021bi care necesit\u0103 efort fizic, precum sportul, sau dup\u0103 ce ai suferit un accident rutier<\/li><li><u>fumatul sau consumul excesiv de alcool<\/u><\/li><li><u>obezitatea<\/u><\/li><li><u>realizarea frecvent\u0103 a unor mi\u0219c\u0103ri care supun coloana vertebral\u0103 la tensiune<\/u>, precum conducerea ma\u0219inii f\u0103r\u0103 pauz\u0103 pe parcursul mai multor ore<\/li><li><u>Sedentarismul \u0219i pozi\u021bia vicioas\u0103<\/u>, adaptat\u0103, la statul la birou a mai multor ore f\u0103r\u0103 pauz\u0103.<\/li><\/ul>\t\t\t\t\t<\/div>\n\t\t\t\t\t\t<\/div>\n\t\t\t\t<\/div>\n\t\t\t\t<div class=\"elementor-element elementor-element-b6ff145 elementor-widget-divider--view-line elementor-widget elementor-widget-divider\" data-id=\"b6ff145\" data-element_type=\"widget\" data-widget_type=\"divider.default\">\n\t\t\t\t<div class=\"elementor-widget-container\">\n\t\t\t\t\t<div class=\"elementor-divider\">\n\t\t\t<span class=\"elementor-divider-separator\">\n\t\t\t\t\t\t<\/span>\n\t\t<\/div>\n\t\t\t\t<\/div>\n\t\t\t\t<\/div>\n\t\t\t\t<div class=\"elementor-element elementor-element-3b03b5a elementor-widget elementor-widget-heading\" data-id=\"3b03b5a\" data-element_type=\"widget\" data-widget_type=\"heading.default\">\n\t\t\t\t<div class=\"elementor-widget-container\">\n\t\t\t<h2 class=\"elementor-heading-title elementor-size-default\">Care sunt simptomele spondilozei cervicale?<\/h2>\t\t<\/div>\n\t\t\t\t<\/div>\n\t\t\t\t<div class=\"elementor-element elementor-element-065bed1 elementor-widget elementor-widget-text-editor\" data-id=\"065bed1\" data-element_type=\"widget\" data-widget_type=\"text-editor.default\">\n\t\t\t\t<div class=\"elementor-widget-container\">\n\t\t\t\t\t\t\t\t<div class=\"elementor-text-editor elementor-clearfix\">\n\t\t\t\t\t<p>Primul semn care te poate duce cu g\u00e2ndul la faptul c\u0103 ai putea avea spondiloz\u0103 este durerea. Pentru \u00eenceput, aceasta poate fi mai intens\u0103 c\u00e2nd petreci mult timp \u00een picioare sau c\u00e2nd e\u0219ti obosit \u0219i poate disp\u0103rea dup\u0103 ce te odihne\u0219ti. \u00cen timp, \u00eens\u0103, durerea poate persista pentru perioade lungi dac\u0103 este neglijat\u0103.<\/p><p>Simptomele cele mai des \u00eent\u00e2lnite sunt:<\/p><ul><li>Dureri de cap<\/li><li>St\u0103ri de ame\u021beal\u0103<\/li><li>Prestezii &#8211; furnic\u0103turi la nivelul bra\u021belor \u0219i al umerilor<\/li><li>Probleme la \/ \u00een men\u021binerea echilibrului<\/li><li>Rigiditate \u0219i dificult\u0103\u021bi de mi\u0219care la nivelul g\u00e2tului \u0219i al membrelor superioare<\/li><\/ul>\t\t\t\t\t<\/div>\n\t\t\t\t\t\t<\/div>\n\t\t\t\t<\/div>\n\t\t\t\t<div class=\"elementor-element elementor-element-2bb4730 elementor-widget-divider--view-line elementor-widget elementor-widget-divider\" data-id=\"2bb4730\" data-element_type=\"widget\" data-widget_type=\"divider.default\">\n\t\t\t\t<div class=\"elementor-widget-container\">\n\t\t\t\t\t<div class=\"elementor-divider\">\n\t\t\t<span class=\"elementor-divider-separator\">\n\t\t\t\t\t\t<\/span>\n\t\t<\/div>\n\t\t\t\t<\/div>\n\t\t\t\t<\/div>\n\t\t\t\t<div class=\"elementor-element elementor-element-0a07f07 elementor-widget elementor-widget-heading\" data-id=\"0a07f07\" data-element_type=\"widget\" data-widget_type=\"heading.default\">\n\t\t\t\t<div class=\"elementor-widget-container\">\n\t\t\t<h2 class=\"elementor-heading-title elementor-size-default\">Care este tratamentul pentru spondiloza cervical\u0103?<\/h2>\t\t<\/div>\n\t\t\t\t<\/div>\n\t\t\t\t<div class=\"elementor-element elementor-element-b4d5fe6 elementor-widget elementor-widget-text-editor\" data-id=\"b4d5fe6\" data-element_type=\"widget\" data-widget_type=\"text-editor.default\">\n\t\t\t\t<div class=\"elementor-widget-container\">\n\t\t\t\t\t\t\t\t<div class=\"elementor-text-editor elementor-clearfix\">\n\t\t\t\t\t<p>Exist\u0103 mai multe metode de tratare a spondilozei cervicale, iar medicul \u021bi-o va recomanda pe cea care este cea mai potrivit\u0103 pentru tine, \u00een func\u021bie de situa\u021bia \u00een care te afli.\u00a0<\/p><p>Fizioterapia\u00a0reduce durerile pe care le resim\u021bi din cauza spondilozei, tonifiaz\u0103 musculatura vertebral\u0103 \u0219i contribuie la \u00eembun\u0103t\u0103\u021birea mobilit\u0103\u021bii coloanei cervicale. \u0218edin\u021bele de fizioterapie trebuie f\u0103cute periodic pentru a avea efectul dorit.<\/p><p>Kinetoterapeutul \u00ee\u021bi va ar\u0103ta ce exerci\u021bii s\u0103 faci pentru a trata spondiloza deoarece mi\u0219carea \u00eembun\u0103t\u0103\u021be\u0219te circula\u021bia, reduce durerea \u0219i ajut\u0103 la men\u021binerea sau redob\u00e2ndirea mobilit\u0103\u021bii coloanei. Exerci\u021biile vor fi adaptate \u00een func\u021bie de condi\u021bia coloanei tale vertebrale fiind atribuit un program personalizat.<\/p>\t\t\t\t\t<\/div>\n\t\t\t\t\t\t<\/div>\n\t\t\t\t<\/div>\n\t\t\t\t<div class=\"elementor-element elementor-element-431dd51 elementor-widget-divider--view-line elementor-widget elementor-widget-divider\" data-id=\"431dd51\" data-element_type=\"widget\" data-widget_type=\"divider.default\">\n\t\t\t\t<div class=\"elementor-widget-container\">\n\t\t\t\t\t<div class=\"elementor-divider\">\n\t\t\t<span class=\"elementor-divider-separator\">\n\t\t\t\t\t\t<\/span>\n\t\t<\/div>\n\t\t\t\t<\/div>\n\t\t\t\t<\/div>\n\t\t\t\t<div class=\"elementor-element elementor-element-8f871ae elementor-widget elementor-widget-heading\" data-id=\"8f871ae\" data-element_type=\"widget\" data-widget_type=\"heading.default\">\n\t\t\t\t<div class=\"elementor-widget-container\">\n\t\t\t<h2 class=\"elementor-heading-title elementor-size-default\">Cum po\u021bi preveni spondiloza cervical\u0103?<\/h2>\t\t<\/div>\n\t\t\t\t<\/div>\n\t\t\t\t<div class=\"elementor-element elementor-element-4903969 elementor-widget elementor-widget-text-editor\" data-id=\"4903969\" data-element_type=\"widget\" data-widget_type=\"text-editor.default\">\n\t\t\t\t<div class=\"elementor-widget-container\">\n\t\t\t\t\t\t\t\t<div class=\"elementor-text-editor elementor-clearfix\">\n\t\t\t\t\t<p>Spondiloza este o afec\u021biune degenerativ\u0103, care evolueaz\u0103 odat\u0103 cu trecerea timpului. Dac\u0103 cauza este genetic\u0103, nu se mai poate preveni, dar poti preveni declan\u0219area afec\u021biunii prin adoptarea unui stil de via\u021b\u0103 s\u0103n\u0103tos, care s\u0103 evite sau s\u0103 am\u00e2ne instalarea spondilozei, prin a evita o postur\u0103 incorect\u0103 a capului , prin a ridica greut\u0103\u021bi \u0219i prin a avea o odihn\u0103 corespunz\u0103toare.<\/p>\t\t\t\t\t<\/div>\n\t\t\t\t\t\t<\/div>\n\t\t\t\t<\/div>\n\t\t\t\t<div class=\"elementor-element elementor-element-1f11267 elementor-widget elementor-widget-spacer\" data-id=\"1f11267\" data-element_type=\"widget\" data-widget_type=\"spacer.default\">\n\t\t\t\t<div class=\"elementor-widget-container\">\n\t\t\t\t\t<div class=\"elementor-spacer\">\n\t\t\t<div class=\"elementor-spacer-inner\"><\/div>\n\t\t<\/div>\n\t\t\t\t<\/div>\n\t\t\t\t<\/div>\n\t\t\t\t\t\t<\/div>\n\t\t\t\t\t<\/div>\n\t\t<\/div>\n\t\t\t\t\t\t\t\t<\/div>\n\t\t\t\t\t<\/div>\n\t\t<\/section>\n\t\t\t\t\t\t<\/div>\n\t\t\t\t\t<\/div>\n\t\t<\/div>\n\t\t\t\t\t\t\t\t<\/div>\n\t\t\t\t\t<\/div>\n\t\t<\/section>\n\t\t\t\t\t\t<\/div>\n\t\t\t\t\t\t<\/div>\n\t\t\t\t\t<\/div>\n\t\t","protected":false},"excerpt":{"rendered":"<p>Previous Next Ce este Spondiloza Cervical\u0103? Spondiloza cervical\u0103 este o afec\u021biune foarte frecvent \u00eent\u00e2lnit\u0103 \u00een r\u00e2ndul persoanelor care petrec mult timp pe scaun, la birou. Se caracterizeaz\u0103 prin degenerarea \u0219i sl\u0103birea discurilor intervertebrale din zona cervical\u0103. Spondiloza este denumirea general\u0103 care se refer\u0103 la degenerarea coloanei vertebrale. Cauzele spondilozei cervicale, cum \u0219i de ce apare? [&hellip;]<\/p>\n","protected":false},"author":1,"featured_media":0,"parent":0,"menu_order":0,"comment_status":"closed","ping_status":"closed","template":"elementor_header_footer","meta":[],"_links":{"self":[{"href":"https:\/\/resetclinic.ro\/index.php\/wp-json\/wp\/v2\/pages\/373"}],"collection":[{"href":"https:\/\/resetclinic.ro\/index.php\/wp-json\/wp\/v2\/pages"}],"about":[{"href":"https:\/\/resetclinic.ro\/index.php\/wp-json\/wp\/v2\/types\/page"}],"author":[{"embeddable":true,"href":"https:\/\/resetclinic.ro\/index.php\/wp-json\/wp\/v2\/users\/1"}],"replies":[{"embeddable":true,"href":"https:\/\/resetclinic.ro\/index.php\/wp-json\/wp\/v2\/comments?post=373"}],"version-history":[{"count":55,"href":"https:\/\/resetclinic.ro\/index.php\/wp-json\/wp\/v2\/pages\/373\/revisions"}],"predecessor-version":[{"id":575,"href":"https:\/\/resetclinic.ro\/index.php\/wp-json\/wp\/v2\/pages\/373\/revisions\/575"}],"wp:attachment":[{"href":"https:\/\/resetclinic.ro\/index.php\/wp-json\/wp\/v2\/media?parent=373"}],"curies":[{"name":"wp","href":"https:\/\/api.w.org\/{rel}","templated":true}]}}